14*l**2 + 26*l - 15. Let x be j(12). Suppose -5*m = -x*m + 20, 38 = 4*b - 2*m. Calculate the highest common factor of 9 and b.
3
Let b(h) = -h**2 - 4*h - 3. Let n be b(-4). Let a = -544 + 541. Let d be a - (n + 0 + -56). What is the greatest common factor of d and 28?
28
Let t(s) = -2*s - 10. Let o be t(-5). Let r(a) = o + 0 + 2*a - 2 + 5*a. Let p be r(4). Calculate the greatest common factor of p and 13.
13
Let o(r) = 5*r + 3. Suppose -3*a - 16 + 25 = 0. Let m be o(a). Calculate the highest common divisor of 6 and m.
6
Let y = -840 - -927. Calculate the greatest common factor of 696 and y.
87
Suppose 4*g = -3*g - 21. Let v(u) = u**3 + 2*u**2 + 2*u - 4. Let b be v(g). Let d = b - -36. Calculate the highest common divisor of 136 and d.
17
Let x = -350 - -728. Calculate the highest common factor of 14 and x.
14
Suppose -1443 = -5*m + 292. Suppose 14*u = 549 + m. What is the greatest common factor of u and 2?
2
Let w = 327 + -319. Calculate the greatest common factor of 152 and w.
8
Suppose 0 = -3*f + 5*s + 65, -s = -35*f + 34*f + 25. Suppose 5*t + 3*p - 1635 = 0, t + p + 12 - 337 = 0. What is the highest common factor of f and t?
30
Suppose 6 = u + 2*r, 5*u + 2*r - 66 = -28. Let b(q) = -q**2 + 21*q - 48. Let j be b(13). What is the greatest common divisor of j and u?
8
Let p(c) be the first derivative of c**2/2 + 20*c - 32. Let i be p(-11). Calculate the highest common factor of i and 45.
9
Let r = 43 - -36. Let j = r + -77. Calculate the highest common divisor of j and 1.
1
Let l(y) = -2*y - 5. Let i be l(3). Let d(f) = -2*f**3 - 20*f**2 + 17*f + 38. Let j be d(i). What is the highest common divisor of 62 and j?
31
Let b be 21 + 1 + 6 + 0. What is the highest common divisor of 28 and b?
28
Let m = 48 - -84. What is the highest common divisor of m and 24?
12
Suppose 1182 = 14*u - 288. What is the greatest common divisor of u and 70?
35
Let j = 100 - 58. Suppose 3*a - 15 - 111 = 0. Let f = -14 + a. Calculate the greatest common factor of j and f.
14
Let l be 1/(353/352 + -1). Suppose -4*z + 126 = -2*m, m = -z + 4 + 29. Calculate the greatest common factor of z and l.
32
Let b(o) be the third derivative of -o**6/30 - o**5/20 - 5*o**4/24 - 3*o**2. Let g be b(-2). Calculate the greatest common divisor of 45 and g.
15
Suppose a - 2*a = -5*n + 68, -a = -n + 12. Let f = 304 - 150. What is the greatest common factor of n and f?
14
Let d be (-2)/11 + (-735)/11. Let l = d + 275. Let j be 39/((120/(-16))/(-5)). What is the highest common factor of j and l?
26
Suppose 450*v - 455*v = -450. Calculate the highest common factor of 30 and v.
30
Let u(s) = -s + 6. Let d be u(5). Let k be 2 + d + -3 - -2. Let y = 12 + k. Calculate the greatest common divisor of 70 and y.
14
Let a be (-1 + 0)/((-1420)/285 - -5). Let g = a + 65. What is the highest common divisor of g and 56?
8
Suppose -2*a + 3*f = -79, 5*a + f = -4*f + 185. Let p be 16/24 + a/6. What is the greatest common factor of 49 and p?
7
Suppose -46*k + 256 = -342. Calculate the highest common factor of k and 689.
13
Let z = 11 + -2. Let v(p) = 2*p**3 - 19*p**2 - 8*p - 17. Let g be 5 - (2/2 - 6). Let y be v(g). What is the greatest common factor of z and y?
3
Suppose 4*w - 3*l + 42 = -51, -4*l = -2*w - 34. Let s = 34 + w. Calculate the greatest common factor of 7 and s.
7
Let i = -1254 - -1269. Calculate the greatest common factor of 2850 and i.
15
Let n = -243 - -2. Let i = n - -360. What is the greatest common divisor of i and 17?
17
Let n(q) = -32*q - 3. Let w be n(-1). Let v = 4 - -10. Let o = w - v. What is the greatest common factor of 120 and o?
15
Let g = 1632 - 1602. Calculate the greatest common factor of 2265 and g.
15
Suppose -k + 5*p + 20 + 15 = 0, p - 279 = -5*k. Calculate the highest common factor of 33 and k.
11
Suppose 0 = -3*h + 208 + 116. Let y = 210 - h. Suppose 0 = -2*j + j + 17. What is the highest common factor of j and y?
17
Let a(h) = -60*h - 4. Let j be a(-2). Let d = j + -50. Calculate the highest common factor of d and 44.
22
Let v(t) = t**2 + 2*t + 1. Let s(n) = -n**3 + 2*n**2 + 3*n + 1. Let k(w) = 3*s(w) - 4*v(w). Let c be k(-3). Calculate the highest common factor of c and 38.
19
Let n be (-6 - 470/(-4)) + 1/2. What is the highest common divisor of n and 42?
14
Suppose -3*a - 4*y + 1194 = -3*y, -5*a + 5*y = -2010. What is the highest common divisor of a and 19?
19
Let z(o) = -10 - 4*o + 1 + 1. Let k be z(-11). Calculate the highest common divisor of 24 and k.
12
Let v = -370 - -505. Calculate the highest common divisor of 30 and v.
15
Suppose 18*h + 51 = 987. What is the greatest common factor of h and 416?
52
Let j(c) = -2*c**3 - c**2 + 2*c + 1. Let n be j(-2). Suppose -792 = -n*m + 1188. Calculate the highest common divisor of 20 and m.
20
Let y(n) = 14*n - 10. Let z be y(2). Suppose z = -9*i + 10*i. Suppose -5*x - 802 = -5*o + 13, -4*x - 328 = -2*o. What is the greatest common factor of o and i?
18
Let x(l) = l**2 + 3*l - 13. Let y be x(-6). Let i be 2/(-7) - 80/(-35). Calculate the greatest common divisor of y and i.
1
Let o = 273 - 263. Calculate the greatest common factor of o and 16.
2
Let v = 1094 + -1087. What is the highest common divisor of v and 217?
7
Let p = -4 - -3. Let k be 2 - (7/p + -3). Let m be ((-52)/k - -3)*-21. What is the highest common divisor of 42 and m?
14
Let h = -4 + 21. Let k = 16219 + -16151. What is the greatest common factor of h and k?
17
Let l be 132/(-8) + 1/2. Let s = 40 + l. Calculate the highest common factor of 216 and s.
24
Let r = 56 + 25. Calculate the highest common divisor of 108 and r.
27
Let z(f) = -f**2 + 20*f - 13. Let i be z(17). Let c = 108 - i. What is the highest common divisor of 14 and c?
14
Let r be (-9680)/(-88) + 1/1. Calculate the greatest common factor of 37 and r.
37
Let f(w) = -4*w + 25. Let i be f(-11). What is the greatest common divisor of i and 3?
3
Let m be 16836/230*(-3)/((-9)/10). What is the highest common factor of 2 and m?
2
Let b = 1428 - 1424. What is the highest common factor of 47 and b?
1
Suppose 4*c = 4824 + 5060. Calculate the greatest common factor of 7 and c.
7
Suppose 0 = -3*k - 2*d + 276, -k + 6*d = 9*d - 99. Calculate the highest common divisor of k and 6.
6
Let y = 19 + -15. Suppose -y*z = -o + z - 2, 2*z = -o + 12. Calculate the greatest common divisor of 20 and o.
4
Suppose 5*t + 56 = 13*t. What is the highest common divisor of 98 and t?
7
Suppose l = s + 20, -4*l - 2*s = 9 - 59. What is the greatest common divisor of 285 and l?
15
Suppose -68*q + 60*q + 336 = 0. Calculate the greatest common divisor of q and 42.
42
Let a(o) = -4*o**3 - o**2 + 2. Let i be a(-2). Calculate the highest common factor of 165 and i.
15
Suppose 0 = i + 2*r + 2, -r - 4 = 7*i - 5*i. Let b = i + 8. What is the highest common factor of b and 12?
6
Suppose 9*x = 21 + 6. Suppose -x*a + 150 - 3 = 0. Calculate the greatest common divisor of a and 490.
49
Suppose 0 = 198*h - 197*h - 18. Let b(j) = 5*j**2 + 4*j + 6. Let n be b(-6). What is the greatest common factor of h and n?
18
Suppose 19 - 35 = -4*i. Let f be -4 + (-10)/1 - i. Let n = f + 19. Calculate the greatest common divisor of 1 and n.
1
Suppose -153 = -5*i + y, -4*y + 8*y - 108 = -4*i. Calculate the highest common divisor of i and 6.
6
Suppose 3*p = 2*p + 1, -19 = -2*i - 5*p. Suppose b = -5*a + 37, 2*a + 0*a = -2*b + 74. Let m = b + -23. Calculate the highest common divisor of m and i.
7
Let j(x) = 10*x**2 - 5*x - 8. Suppose 5*d - b + 25 = 4*b, 3*d - b + 9 = 0. Let q be j(d). What is the greatest common factor of q and 294?
42
Let n = 560 - 538. Suppose g - 4 = -2. Suppose -3*f - 3*i = -264, 88 = f - g*i + 7*i. What is the greatest common factor of n and f?
22
Suppose 3*p - 4*s = -0*s + 196, -p = 2*s - 82. Let h be 100 - (16 - 8)*-1. Calculate the greatest common divisor of p and h.
36
Let b = -71 + 131. Suppose -149*v = -3*a - 152*v + 48, 5*v - 5 = 0. What is the greatest common factor of b and a?
15
Let w = 13 - 13. Suppose w = -3*l + l + 2. Let h be (2 - -1)/(4 - l). Calculate the highest common divisor of h and 9.
1
Suppose 2*b + 1 - 9 = 0. What is the greatest common factor of 64 and b?
4
Let s be (-35)/(-3) - (-2)/6. Suppose -56 = -2*t - 5*t. Calculate the highest common divisor of t and s.
4
Let b(i) be the first derivative of -i**4/4 + 2*i**3 - 3*i*